 b(-17)?
-11
Let l(h) = 14*h - 165. Calculate l(12).
3
Let i(f) = -f**2 + 10*f - 6. Calculate i(8).
10
Let a(n) = -n**2 - 3*n + 132. Give a(10).
2
Let p(o) = -o**3 + 12*o**2 + o - 20. What is p(11)?
112
Let f(y) = 4*y + 19. Calculate f(-6).
-5
Let n(l) = l**2 - 4*l - 9. Give n(5).
-4
Let x(w) = 8*w**2 + w. Calculate x(-1).
7
Let b(t) = -t**2 + 11*t - 12. What is b(8)?
12
Let p(d) = 10*d + 194. What is p(-17)?
24
Let t(l) = -l**3 + 6*l**2 + 3*l - 8. Calculate t(7).
-36
Let q(v) = v**3 + 4*v**2 - 7*v - 2. Determine q(-5).
8
Let a(k) = k - 2. Calculate a(-8).
-10
Let r(l) = 4*l + 7. Give r(5).
27
Let t(n) = -n**3 + 6*n**2 + 6*n + 8. Calculate t(7).
1
Let g(x) = x**2 + 4*x - 11. Determine g(2).
1
Let l(f) = 109*f - 1419. Calculate l(13).
-2
Let c(a) = -a**2 - 4*a - 3. What is c(-5)?
-8
Let t(o) = -11*o**2 + 2. Give t(-3).
-97
Let g(i) = 42*i + 460. What is g(-11)?
-2
Let n(b) = 5*b + 6. Calculate n(-22).
-104
Let d(i) = -i**2 + 5*i + 4. Determine d(0).
4
Let i(l) = l**2 + 8*l + 11. Calculate i(-6).
-1
Let w(m) = -m**2 - 9*m - 14. Give w(-8).
-6
Let y(g) = 2*g + 43. Determine y(-24).
-5
Let f(s) = -s**2 + 1. Give f(-1).
0
Let x(f) = -16*f + 83. Give x(6).
-13
Let i(f) = f**2 - 19*f + 59. What is i(4)?
-1
Let a(v) = -2*v**3 + 2*v**2 - 2*v + 1. Give a(1).
-1
Let t(c) = -5*c**2 - 1. What is t(-1)?
-6
Let h(v) = -v**3 - 5. Determine h(0).
-5
Let h(b) = -b**3 + 18*b**2 - b + 25. Calculate h(18).
7
Let c(x) = -x**3 - 10*x**2 - 7*x + 4. Determine c(-9).
-14
Let d(q) = q**3 + 6*q**2 + 3*q - 2. Give d(-4).
18
Let n(s) = -s**2 + 4*s + 23. Determine n(7).
2
Let k(i) = -i**2 + 16*i - 13. Calculate k(16).
-13
Let a(r) = r**2 - r - 4. What is a(0)?
-4
Let z(l) = -12*l**2. What is z(-1)?
-12
Let j(d) = 2*d**3 - 18*d**2 - 44*d - 3. What is j(11)?
-3
Let p(j) = j**3 - 12*j**2 + 11*j + 7. What is p(10)?
-83
Let m(b) = -b - 5. Calculate m(9).
-14
Let p(y) = 18*y**3 + y**2 - 1. Give p(1).
18
Let r(i) = -i**3 - i**2 + 4*i - 2. Give r(2).
-6
Let u(q) = -q**2 - 9*q - 5. What is u(-7)?
9
Let s(m) = m**2 + m - 81. What is s(-14)?
101
Let k(h) = -2*h**2 - 28*h - 44. Determine k(-12).
4
Let i(c) = -c**3 + 6*c**2 - 5*c - 7. Determine i(5).
-7
Let o(t) = -3*t + 14. Give o(6).
-4
Let t(a) = -3*a**3 + 10*a**2 - a - 6. What is t(3)?
0
Let n(i) = 40*i**3 - 2*i**2 + 1. Determine n(-1).
-41
Let o(g) = g**2 - g - 30. Determine o(7).
12
Let l(k) = 107*k + 9. Calculate l(-1).
-98
Let d(c) = -c**2 + c + 52. Determine d(0).
52
Let x(r) = -11*r + 2. Determine x(2).
-20
Let n(i) = i**3 + 10*i**2 + 11*i - 6. What is n(-9)?
-24
Let w(k) = -k**3 - k - 11. Give w(0).
-11
Let u(z) = -18*z + 4. Give u(4).
-68
Let k(o) = 78*o + 393. Calculate k(-5).
3
Let l(c) = -c**2 + 4*c + 20. What is l(6)?
8
Let m(h) = 18*h**3 + h + 1. Calculate m(-1).
-18
Let z(m) = -30*m - 13. What is z(-1)?
17
Let s(j) = -4*j - 54. What is s(-12)?
-6
Let b(i) = i**3 - 15*i**2 - 2*i - 203. What is b(16)?
21
Let b(j) = 3*j**2 - 188*j - 253. Calculate b(64).
3
Let b(x) = x**3 - 12*x**2 + 3*x + 74. Determine b(11).
-14
Let t(z) = -z + 17. Calculate t(17).
0
Let t(g) = -3*g**2 + 6*g - 10. Determine t(3).
-19
Let q(o) = -o**3 - 9*o**2 - o - 22. Calculate q(-9).
-13
Let v(a) = 15*a - 17. Determine v(8).
103
Let w(f) = -3*f - 12. What is w(-9)?
15
Let i(n) = -n**3 - 9*n**2 - 9*n - 5. Calculate i(-9).
76
Let v(q) = -3*q**3 - 33*q**2 - 11. Determine v(-11).
-11
Let l(x) = x**3 - 5*x**2 + x - 2. Calculate l(5).
3
Let v(o) = o**3 - 4*o**2 - 27*o + 99. Determine v(5).
-11
Let k(u) = u**3 + 2*u**2 + 4*u - 9. What is k(0)?
-9
Let y(k) = -k**2 - 11*k + 6. Determine y(-5).
36
Let g(f) = f**2 - 17*f + 6. Calculate g(18).
24
Let a(k) = -k**3 - 8*k**2 - 4*k + 7. Give a(-7).
-14
Let z(n) = n**3 - 24*n**2 - 27*n + 59. Give z(25).
9
Let o(u) = -3*u**2 - 46*u - 13. Calculate o(-14).
43
Let j(b) = -b**2 - 2*b + 4. Give j(0).
4
Let j(v) = -12*v + 4. Calculate j(3).
-32
Let i(b) = -2*b**3 + 4*b**2 - 1. What is i(3)?
-19
Let d(a) = -4*a**2 - 11*a - 48. Give d(-5).
-93
Let u(z) = z + 7. Determine u(-4).
3
Let h(m) = -3*m + 38. Give h(16).
-10
Let u(i) = i**2 - 2*i + 37. Determine u(7).
72
Let a(y) = y**2 - 2*y - 7. Calculate a(2).
-7
Let b(o) = 54*o**3 + 3*o + 2. Give b(-1).
-55
Let g(h) = h - 5. Give g(14).
9
Let r(q) = -q**3 + 13*q**2 + 72*q - 66. What is r(17)?
2
Let t(n) = 2*n + 2. Determine t(-1).
0
Let d(n) = 3*n**2 + 2*n + 2. Calculate d(3).
35
Let x(p) = p**3 - 9*p**2 - 2*p + 12. Determine x(9).
-6
Let v(l) = -l**2 - 45*l - 482. Determine v(-17).
-6
Let m(d) = 12*d + 616. Calculate m(-51).
4
Let r(g) = 2*g**2 - 4*g + 3. Give r(0).
3
Let r(c) = 10*c + 6. Determine r(-5).
-44
Let t(v) = 5*v - 174. Calculate t(34).
-4
Let b(s) = 4*s + 38. What is b(-8)?
6
Let m(p) = -p**3 - 6*p**2 - 2*p + 1. Determine m(-2).
-11
Let q(z) = 6*z + 48. What is q(-8)?
0
Let w(y) = -y**2 + 3*y + 1. Determine w(5).
-9
Let p(g) = -19*g + 1176. Give p(62).
-2
Let a(n) = 15*n + 11. What is a(5)?
86
Let p(f) = 2*f - 3. What is p(-1)?
-5
Let l(s) = -s**2 - s - 2. Determine l(-5).
-22
Let f(s) = -8*s**3 - 8*s + 9. Give f(1).
-7
Let x(i) = 4*i + 15. Give x(9).
51
Let u(h) = -h - 61. Determine u(0).
-61
Let u(g) = -36*g - 1. What is u(-3)?
107
Let l(m) = -2*m - 9. What is l(7)?
-23
Let v(d) = d + 1. Give v(-5).
-4
Let x(s) = -s**3 + 25*s**2 - 23*s - 37. Give x(24).
-13
Let b(t) = t + 6. Calculate b(11).
17
Let t(x) = -3*x + 2. Determine t(2).
-4
Let i(q) = -q**3 + 7*q**2 - 5*q + 16. Determine i(6).
22
Let r(g) = -g + 8. Calculate r(7).
1
Let n(m) = m**2 - 7*m - 7. Determine n(6).
-13
Let c(t) = -t**3 + 5*t**2 + 20*t - 10. Give c(7).
32
Let m(q) = -9*q - 58. Determine m(-5).
-13
Let l(u) = u**2 - 19*u + 29. Calculate l(17).
-5
Let c(a) = -a**2 + 19*a - 21. What is c(18)?
-3
Let x(m) = -2*m**2 - 4*m - 4. What is x(-2)?
-4
Let y(k) = 3*k - 2. Calculate y(5).
13
Let r(n) = n**3 + 15*n**2 + 24*n + 17. What is r(-14)?
-123
Let t(r) = r**3 + 6*r**2 - 7*r + 12. Give t(-7).
12
Let m(f) = f**2 - 5*f + 5. Calculate m(6).
11
Let h(g) = 2*g**3 + g**2 - g + 17. Calculate h(-4).
-91
Let h(w) = w**2 - 5*w - 4. Determine h(6).
2
Let l(x) = -x**3 - x**2 + 14*x + 7. Determine l(-4).
-1
Let x(n) = -25*n. What is x(1)?
-25
Let g(k) = 7*k + 96. Determine g(-14).
-2
Let p(a) = 6*a**3 - a**2 - 5*a - 3. Determine p(-1).
-5
Let h(z) = 81*z + 810. What is h(-10)?
0
Let k(q) = 40*q + 58. Calculate k(-2).
-22
Let b(c) = c**3 - 4*c**2 - 18*c - 14. What is b(7)?
7
Let m(y) = 4*y + 4. Give m(4).
20
Let q(m) = m**2 + 11*m + 35. Determine q(-7).
7
Let r(a) = -2*a + 28. Give r(15).
-2
Let l(j) = j**2 + 21*j - 6. Calculate l(-20).
-26
Let q(b) = -7*b**2 + b - 1. Calculate q(1).
-7
Let u(w) = 11*w - 1. Give u(1).
10
Let n(l) = 5*l + 12. Give n(-10).
-38
Let n(j) = -j**2 - 4*j - 4. Determine n(-2).
0
Let x(c) = -46*c + 10. Give x(0).
10
Let i(o) = -3*o**3 - 3*o**2 + 4*o + 3. Determine i(-3).
45
Let t(m) = 2*m**3 + 2*m**2 + 4*m + 2. What is t(-3)?
-46
Let r(h) = 48*h**3 - h**2 - 2*h - 1. Determine r(-1).
-48
Let b(r) = r**2 - 6*r - 75. Determine b(13).
16
Let u(q) = -14*q. Calculate u(-1).
14
Let q(g) = -g**3 - 15*g**2 - 30*g - 18. Calculate q(-12).
-90
Let c(i) = 20*i**3 + i**2. Give c(1).
21
Let q(o) = -o**3 + 14*o**2 - 39*o - 29. Calculate q(5).
1
Let r(y) = -6*y + 7. Determine r(-1).
13
Let i(k) = k**3 - k**2 - k + 8. What is i(0)?
8
Let r(p) = -p**2 - p - 31. Give r(0).
-31
Let s(t) = 34*t + 12. Give s(3).
114
Let u(i) = 8*i**2 - 4*i - 4. Give u(-2).
36
Let c(r) = r + 7. Determine c(0).
7
Let p(r) = -134*r - 816. What is p(-6)?
-12
Let h(l) = l + 66. Calculate h(0).
66
Let u(j) = j**2 + 9*j + 3. Give u(-8).
-5
Let b(w) = -w**2 - 32*w - 7. Calculate b(-32).
-7
Let r(g) = 14*g + 4. What is r(-1)?
-10
Let p(u) = -u**3 - 4*u**2 - 2*u - 4. What is p(-4)?
4
Let j(n) = n**2 + 2*n - 27. Calculate j(-7).
8
Let n(d) = d**3 - 6*d**2 - d + 6. Determine n(6).
0
Let h(p) = -23*p**2 - 3*p. Give h(-1).
-20
Let r(f) = f**3 - 4*f**2 + 6*f - 12. What is r(3)?
-3
Let o(i) = -i**2 - 9*i - 3. Calculate o(-11).
-25
Let p(d) = -d**3 - 2*d**2 - 3*d + 177. Calculate p(0).
177
Let l(q) = -q**3 + 9*q**2 - 2*q + 14. What is l(9)?
-4
Let q(m) = -m**3 - 23*m**2 - 24*m - 45. Give q(-22).
-1
Let a(m) = -m**3 - 5*m**2 + 9. What is a(-5)?
9
Let b(j) = -2*j**3 - 12*j**2 - 11*j - 5. Determine b(-5).
0
Let b(o) = -o**2 + 6*o - 10. Determine b